the remainder when 1029 is divided by 51.
9
Calculate the remainder when 190 is divided by 96.
94
Calculate the remainder when 449 is divided by 15.
14
What is the remainder when 690 is divided by 110?
30
What is the remainder when 330 is divided by 44?
22
Calculate the remainder when 179 is divided by 27.
17
What is the remainder when 476 is divided by 30?
26
What is the remainder when 224 is divided by 222?
2
What is the remainder when 9340 is divided by 25?
15
Calculate the remainder when 207 is divided by 81.
45
Calculate the remainder when 79 is divided by 32.
15
What is the remainder when 1335 is divided by 41?
23
Calculate the remainder when 854 is divided by 22.
18
What is the remainder when 6078 is divided by 20?
18
Calculate the remainder when 669 is divided by 27.
21
Calculate the remainder when 310 is divided by 117.
76
What is the remainder when 713 is divided by 184?
161
Calculate the remainder when 1915 is divided by 60.
55
Calculate the remainder when 1506 is divided by 744.
18
What is the remainder when 974 is divided by 8?
6
Calculate the remainder when 979 is divided by 305.
64
What is the remainder when 149 is divided by 38?
35
What is the remainder when 88 is divided by 49?
39
Calculate the remainder when 86 is divided by 38.
10
Calculate the remainder when 170 is divided by 48.
26
Calculate the remainder when 80 is divided by 9.
8
Calculate the remainder when 2342 is divided by 41.
5
What is the remainder when 548 is divided by 5?
3
What is the remainder when 392 is divided by 132?
128
What is the remainder when 67 is divided by 47?
20
Calculate the remainder when 2493 is divided by 119.
113
What is the remainder when 261 is divided by 66?
63
What is the remainder when 3034 is divided by 132?
130
Calculate the remainder when 115 is divided by 13.
11
Calculate the remainder when 6438 is divided by 113.
110
Calculate the remainder when 2813 is divided by 6.
5
Calculate the remainder when 934 is divided by 86.
74
Calculate the remainder when 1074 is divided by 239.
118
Calculate the remainder when 438 is divided by 34.
30
What is the remainder when 139 is divided by 16?
11
Calculate the remainder when 2525 is divided by 110.
105
What is the remainder when 523 is divided by 134?
121
Calculate the remainder when 83501 is divided by 17.
14
Calculate the remainder when 607 is divided by 153.
148
Calculate the remainder when 8329 is divided by 4.
1
Calculate the remainder when 2158 is divided by 27.
25
Calculate the remainder when 283 is divided by 72.
67
Calculate the remainder when 6179 is divided by 36.
23
Calculate the remainder when 6974 is divided by 93.
92
Calculate the remainder when 298 is divided by 203.
95
What is the remainder when 501 is divided by 63?
60
What is the remainder when 1013 is divided by 8?
5
What is the remainder when 74 is divided by 31?
12
Calculate the remainder when 1622 is divided by 181.
174
What is the remainder when 129 is divided by 26?
25
What is the remainder when 178 is divided by 46?
40
Calculate the remainder when 301 is divided by 74.
5
What is the remainder when 1122 is divided by 279?
6
What is the remainder when 806 is divided by 27?
23
What is the remainder when 219 is divided by 55?
54
What is the remainder when 766 is divided by 307?
152
What is the remainder when 135 is divided by 39?
18
What is the remainder when 48 is divided by 9?
3
Calculate the remainder when 181 is divided by 93.
88
What is the remainder when 860 is divided by 422?
16
What is the remainder when 349 is divided by 22?
19
What is the remainder when 351 is divided by 172?
7
What is the remainder when 281 is divided by 111?
59
What is the remainder when 269 is divided by 8?
5
Calculate the remainder when 3545 is divided by 197.
196
Calculate the remainder when 4782 is divided by 267.
243
Calculate the remainder when 333 is divided by 145.
43
What is the remainder when 1739 is divided by 571?
26
Calculate the remainder when 20956 is divided by 42.
40
Calculate the remainder when 13823 is divided by 223.
220
What is the remainder when 598 is divided by 87?
76
What is the remainder when 1709 is divided by 30?
29
What is the remainder when 1417 is divided by 157?
4
Calculate the remainder when 1572 is divided by 45.
42
What is the remainder when 2770 is divided by 63?
61
What is the remainder when 240 is divided by 68?
36
What is the remainder when 177 is divided by 36?
33
Calculate the remainder when 108 is divided by 36.
0
What is the remainder when 7 is divided by 1?
0
Calculate the remainder when 284 is divided by 12.
8
What is the remainder when 736 is divided by 155?
116
What is the remainder when 336 is divided by 85?
81
Calculate the remainder when 12009 is divided by 14.
11
Calculate the remainder when 4371 is divided by 54.
51
Calculate the remainder when 53 is divided by 27.
26
What is the remainder when 903 is divided by 224?
7
What is the remainder when 51 is divided by 48?
3
What is the remainder when 1987 is divided by 651?
34
Calculate the remainder when 39 is divided by 29.
10
Calculate the remainder when 126 is divided by 69.
57
Calculate the remainder when 699 is divided by 243.
213
What is the remainder when 1576 is divided by 521?
13
Calculate the remainder when 17 is divided by 11.
6
What is the remainder when 154 is divided by 19?
2
What is the remainder when 738 is divided by 257?
224
Calculate the remainder when 46 is divided by 12.
10
Calculate the remainder when 1889 is divided by 44.
41
Calculate the remainder when 1399 is divided by 70.
69
What is the remainder when 1601 is divided by 22?
17
What is the remainder when 867 is divided by 58?
55
What is the remainder when 2373 is divided by 302?
259
What is the remainder when 246 is divided by 176?
70
What is the remainder when 131 is divided by 33?
32
Calculate the remainder when 105 is divided by 57.
48
What is the remainder when 18 is divided by 8?
2
What is the remainder when 472 is divided by 19?
16
Calculate the remainder when 1248 is divided by 319.
291
What is the remainder when 136 is divided by 6?
4
What is the remainder when 7263 is divided by 121?
3
Calculate the remainder when 919 is divided by 22.
17
What is the remainder when 3839 is divided by 61?
57
Calculate the remainder when 1946 is divided by 339.
251
What is the remainder when 1217 is divided by 42?
41
What is the remainder when 69 is divided by 18?
15
What is the remainder when 37293 is divided by 148?
145
Calculate the remainder when 1252 is divided by 2.
0
What is the remainder when 456 is divided by 33?
27
What is the remainder when 4755 is divided by 71?
69
What is the remainder when 2115 is divided by 7?
1
What is the remainder when 2277 is divided by 76?
73
Calculate the remainder when 174 is divided by 36.
30
What is the remainder when 5288 is divided by 252?
248
What is the remainder when 2438 is divided by 10?
8
Calculate the remainder when 1240 is divided by 156.
148
Calculate the remainder when 2701 is divided by 16.
13
What is the remainder when 18 is divided by 12?
6
Calculate the remainder when 3750 is divided by 209.
197
What is the remainder when 781 is divided by 29?
27
Calculate the remainder when 79 is divided by 38.
3
Calculate the remainder when 2193 is divided by 157.
152
Calculate the remainder when 392 is divided by 101.
89
What is the remainder when 212 is divided by 53?
0
What is the remainder when 1693 is divided by 43?
16
Calculate the remainder when 670 is divided by 48.
46
What is the remainder when 143 is divided by 9?
8
Calculate the remainder when 1239 is divided by 411.
6
Calculate the remainder when 904 is divided by 226.
0
Calculate the remainder when 200 is divided by 75.
50
Calculate the remainder when 370 is divided by 115.
25
What is the remainder when 432 is divided by 106?
8
What is the remainder when 271 is divided by 85?
16
What is the remainder when 1306 is divided by 165?
151
Calculate the remainder when 2508 is divided by 11.
0
What is the remainder when 14154 is divided by 99?
96
Calculate the remainder when 650 is divided by 237.
176
Calculate the remainder when 5829 is divided by 18.
15
What is the remainder when 310 is divided by 39?
37
What is the remainder when 181 is divided by 47?
40
What is the remainder when 